{"id":30,"date":"2024-03-14T18:22:46","date_gmt":"2024-03-14T21:22:46","guid":{"rendered":"https:\/\/escola-siena-v3.local\/?page_id=30"},"modified":"2025-11-14T14:25:19","modified_gmt":"2025-11-14T17:25:19","slug":"inicio","status":"publish","type":"page","link":"https:\/\/www.escolasiena.com.br\/?page_id=30","title":{"rendered":"Diferenciais"},"content":{"rendered":"\n<div class=\"wp-block-uagb-container uagb-block-bae01b4f alignfull uagb-is-root-container\"><div class=\"uagb-container-inner-blocks-wrap\">\n<div class=\"wp-block-uagb-advanced-heading uagb-block-396f4883\"><h2 class=\"uagb-heading-text\">Diferenciais<\/h2><\/div>\n<\/div><\/div>\n\n\n\n<div class=\"wp-block-uagb-container uagb-block-e4aac7bd alignfull uagb-is-root-container\"><div class=\"uagb-container-inner-blocks-wrap\">\n<div class=\"wp-block-uagb-container uagb-block-da9801fe\">\n<div class=\"wp-block-uagb-container uagb-block-3e66d4ef\">\n<div class=\"wp-block-uagb-advanced-heading uagb-block-9a4deb62\" id=\"empreendedorismo\"><h2 class=\"uagb-heading-text\">Empreendedorismo<\/h2><\/div>\n\n\n\n<p>A Escola Siena possui como filosofia institucional o Empreendedorismo. Trabalhando n\u00e3o s\u00f3 o empreender, mas tamb\u00e9m a educa\u00e7\u00e3o financeira, an\u00e1lise de mercado e o passo-a-passo completo para elabora\u00e7\u00e3o de um neg\u00f3cio. Incentivando sempre bases \u00e9ticas como respeito e trabalho em equipe, mas principalmente: ensinamos o aluno a sonhar.<\/p>\n<\/div>\n\n\n\n<div class=\"wp-block-uagb-image aligncenter uagb-block-9f887a11 wp-block-uagb-image--layout-default wp-block-uagb-image--effect-static wp-block-uagb-image--align-center\"><figure class=\"wp-block-uagb-image__figure\"><img decoding=\"async\" srcset=\"https:\/\/www.escolasiena.com.br\/wp-content\/uploads\/2024\/05\/Barraca-1-e1715869071781-1024x507.jpg ,https:\/\/www.escolasiena.com.br\/wp-content\/uploads\/2024\/05\/Barraca-1-e1715869071781.jpg 780w, https:\/\/www.escolasiena.com.br\/wp-content\/uploads\/2024\/05\/Barraca-1-e1715869071781-1024x507.jpg 360w\" sizes=\"auto, (max-width: 480px) 150px\" src=\"https:\/\/www.escolasiena.com.br\/wp-content\/uploads\/2024\/05\/Barraca-1-e1715869071781-1024x507.jpg\" alt=\"\" class=\"uag-image-1014\" width=\"1024\" height=\"683\" title=\"Barraca\" loading=\"lazy\" role=\"img\"\/><\/figure><\/div>\n<\/div>\n\n\n\n<div id=\"esportes\" class=\"wp-block-uagb-container uagb-layout-flex uagb-block-155b2e12\">\n<div class=\"wp-block-uagb-image aligncenter uagb-block-51d70685 wp-block-uagb-image--layout-default wp-block-uagb-image--effect-static wp-block-uagb-image--align-center\"><figure class=\"wp-block-uagb-image__figure\"><img decoding=\"async\" srcset=\"https:\/\/www.escolasiena.com.br\/wp-content\/uploads\/2024\/06\/Esportes.jpg ,https:\/\/www.escolasiena.com.br\/wp-content\/uploads\/2024\/06\/Esportes.jpg 780w, https:\/\/www.escolasiena.com.br\/wp-content\/uploads\/2024\/06\/Esportes.jpg 360w\" sizes=\"auto, (max-width: 480px) 150px\" src=\"https:\/\/www.escolasiena.com.br\/wp-content\/uploads\/2024\/06\/Esportes.jpg\" alt=\"\" class=\"uag-image-1344\" width=\"372\" height=\"424\" title=\"Esportes\" loading=\"lazy\" role=\"img\"\/><\/figure><\/div>\n\n\n\n<div class=\"wp-block-uagb-container uagb-block-ea06dc9b\">\n<div class=\"wp-block-uagb-advanced-heading uagb-block-614bcad6\"><h2 class=\"uagb-heading-text\">Esportes<\/h2><\/div>\n\n\n\n<p>Nossos alunos s\u00e3o incentivados a praticarem atividades f\u00edsicas, como por exemplo futebol, v\u00f4lei, handebol e basquete. Para fins educativos e melhoria na qualidade de vida.<\/p>\n<\/div>\n<\/div>\n\n\n\n<div id=\"tecnologias\" class=\"wp-block-uagb-container uagb-block-b8e532e4\">\n<div class=\"wp-block-uagb-container uagb-block-5e7e6243\">\n<div class=\"wp-block-uagb-advanced-heading uagb-block-abda916b\"><h2 class=\"uagb-heading-text\">Tecnologias<\/h2><\/div>\n\n\n\n<p>As abordagens educacionais da Escola Siena integram-se \u00e0 tecnologia para propagar a utiliza\u00e7\u00e3o de aparelhos de inform\u00e1tica a favor do ensino de qualidade, como tablets, chromebooks, projetores etc.<\/p>\n<\/div>\n\n\n\n<div class=\"wp-block-uagb-image aligncenter uagb-block-0fa6ae8b wp-block-uagb-image--layout-default wp-block-uagb-image--effect-static wp-block-uagb-image--align-center\"><figure class=\"wp-block-uagb-image__figure\"><img decoding=\"async\" srcset=\"https:\/\/www.escolasiena.com.br\/wp-content\/uploads\/2024\/05\/Sala-com-os-Chromebooks-scaled-e1715695676533-1024x519.jpg ,https:\/\/www.escolasiena.com.br\/wp-content\/uploads\/2024\/05\/Sala-com-os-Chromebooks-scaled-e1715695676533.jpg 780w, https:\/\/www.escolasiena.com.br\/wp-content\/uploads\/2024\/05\/Sala-com-os-Chromebooks-scaled-e1715695676533-1024x519.jpg 360w\" sizes=\"auto, (max-width: 480px) 150px\" src=\"https:\/\/www.escolasiena.com.br\/wp-content\/uploads\/2024\/05\/Sala-com-os-Chromebooks-scaled-e1715695676533-1024x519.jpg\" alt=\"\" class=\"uag-image-943\" width=\"1024\" height=\"683\" title=\"Sala com os Chromebooks\" loading=\"lazy\" role=\"img\"\/><\/figure><\/div>\n<\/div>\n\n\n\n<div id=\"sistemas\" class=\"wp-block-uagb-container uagb-layout-flex uagb-block-512f262c\">\n<div class=\"wp-block-uagb-image uagb-block-47142579 wp-block-uagb-image--layout-default wp-block-uagb-image--effect-static wp-block-uagb-image--align-none\"><figure class=\"wp-block-uagb-image__figure\"><img decoding=\"async\" srcset=\"https:\/\/www.escolasiena.com.br\/wp-content\/uploads\/2025\/11\/admin-ajax.png ,https:\/\/www.escolasiena.com.br\/wp-content\/uploads\/2025\/11\/admin-ajax.png 780w, https:\/\/www.escolasiena.com.br\/wp-content\/uploads\/2025\/11\/admin-ajax.png 360w\" sizes=\"auto, (max-width: 480px) 150px\" src=\"https:\/\/www.escolasiena.com.br\/wp-content\/uploads\/2025\/11\/admin-ajax.png\" alt=\"\" class=\"uag-image-1686\" width=\"500\" height=\"400\" title=\"admin-ajax\" loading=\"lazy\" role=\"img\"\/><\/figure><\/div>\n\n\n\n<div class=\"wp-block-uagb-container uagb-block-09edf534\">\n<div class=\"wp-block-uagb-advanced-heading uagb-block-884d850b\"><h2 class=\"uagb-heading-text\">Sistemas Educacionais<\/h2><\/div>\n\n\n\n<p>Al\u00e9m do uso de equipamentos de inform\u00e1tica, a educa\u00e7\u00e3o na Escola Siena conta com v\u00e1rios aplicativos educacionais excelentes para o ensino e realiza\u00e7\u00e3o de exames escolares e que tornam o aprendizado mais produtivo. Dentre eles: Sistemas Microsoft365, Google Education, Plurall e Somos Educa\u00e7\u00e3o.<\/p>\n<\/div>\n<\/div>\n<\/div><\/div>\n\n\n\n<p><\/p>\n","protected":false},"excerpt":{"rendered":"<p>Diferenciais Empreendedorismo A Escola Siena possui como filosofia institucional o Empreendedorismo. Trabalhando n\u00e3o s\u00f3 o empreender, mas tamb\u00e9m a educa\u00e7\u00e3o [&hellip;]<\/p>\n","protected":false},"author":1,"featured_media":0,"parent":0,"menu_order":1,"comment_status":"closed","ping_status":"closed","template":"","meta":{"_uag_custom_page_level_css":"","site-sidebar-layout":"default","site-content-layout":"","ast-site-content-layout":"default","site-content-style":"default","site-sidebar-style":"default","ast-global-header-display":"","ast-banner-title-visibility":"","ast-main-header-display":"","ast-hfb-above-header-display":"","ast-hfb-below-header-display":"","ast-hfb-mobile-header-display":"","site-post-title":"disabled","ast-breadcrumbs-content":"","ast-featured-img":"","footer-sml-layout":"","ast-disable-related-posts":"","theme-transparent-header-meta":"default","adv-header-id-meta":"","stick-header-meta":"","header-above-stick-meta":"","header-main-stick-meta":"","header-below-stick-meta":"","astra-migrate-meta-layouts":"default","ast-page-background-enabled":"default","ast-page-background-meta":{"desktop":{"background-color":"var(--ast-global-color-4)","background-image":"","background-repeat":"repeat","background-position":"center center","background-size":"auto","background-attachment":"scroll","background-type":"","background-media":"","overlay-type":"","overlay-color":"","overlay-opacity":"","overlay-gradient":""},"tablet":{"background-color":"","background-image":"","background-repeat":"repeat","background-position":"center center","background-size":"auto","background-attachment":"scroll","background-type":"","background-media":"","overlay-type":"","overlay-color":"","overlay-opacity":"","overlay-gradient":""},"mobile":{"background-color":"","background-image":"","background-repeat":"repeat","background-position":"center center","background-size":"auto","background-attachment":"scroll","background-type":"","background-media":"","overlay-type":"","overlay-color":"","overlay-opacity":"","overlay-gradient":""}},"ast-content-background-meta":{"desktop":{"background-color":"var(--ast-global-color-5)","background-image":"","background-repeat":"repeat","background-position":"center center","background-size":"auto","background-attachment":"scroll","background-type":"","background-media":"","overlay-type":"","overlay-color":"","overlay-opacity":"","overlay-gradient":""},"tablet":{"background-color":"var(--ast-global-color-5)","background-image":"","background-repeat":"repeat","background-position":"center center","background-size":"auto","background-attachment":"scroll","background-type":"","background-media":"","overlay-type":"","overlay-color":"","overlay-opacity":"","overlay-gradient":""},"mobile":{"background-color":"var(--ast-global-color-5)","background-image":"","background-repeat":"repeat","background-position":"center center","background-size":"auto","background-attachment":"scroll","background-type":"","background-media":"","overlay-type":"","overlay-color":"","overlay-opacity":"","overlay-gradient":""}},"footnotes":""},"class_list":["post-30","page","type-page","status-publish","hentry"],"uagb_featured_image_src":{"full":false,"thumbnail":false,"medium":false,"medium_large":false,"large":false,"1536x1536":false,"2048x2048":false},"uagb_author_info":{"display_name":"esmeraldo","author_link":"https:\/\/www.escolasiena.com.br\/?author=1"},"uagb_comment_info":0,"uagb_excerpt":"Diferenciais Empreendedorismo A Escola Siena possui como filosofia institucional o Empreendedorismo. Trabalhando n\u00e3o s\u00f3 o empreender, mas tamb\u00e9m a educa\u00e7\u00e3o [&hellip;]","_links":{"self":[{"href":"https:\/\/www.escolasiena.com.br\/index.php?rest_route=\/wp\/v2\/pages\/30","targetHints":{"allow":["GET"]}}],"collection":[{"href":"https:\/\/www.escolasiena.com.br\/index.php?rest_route=\/wp\/v2\/pages"}],"about":[{"href":"https:\/\/www.escolasiena.com.br\/index.php?rest_route=\/wp\/v2\/types\/page"}],"author":[{"embeddable":true,"href":"https:\/\/www.escolasiena.com.br\/index.php?rest_route=\/wp\/v2\/users\/1"}],"replies":[{"embeddable":true,"href":"https:\/\/www.escolasiena.com.br\/index.php?rest_route=%2Fwp%2Fv2%2Fcomments&post=30"}],"version-history":[{"count":189,"href":"https:\/\/www.escolasiena.com.br\/index.php?rest_route=\/wp\/v2\/pages\/30\/revisions"}],"predecessor-version":[{"id":1687,"href":"https:\/\/www.escolasiena.com.br\/index.php?rest_route=\/wp\/v2\/pages\/30\/revisions\/1687"}],"wp:attachment":[{"href":"https:\/\/www.escolasiena.com.br\/index.php?rest_route=%2Fwp%2Fv2%2Fmedia&parent=30"}],"curies":[{"name":"wp","href":"https:\/\/api.w.org\/{rel}","templated":true}]}}